{"id":71,"date":"2024-06-21T19:57:44","date_gmt":"2024-06-21T17:57:44","guid":{"rendered":"https:\/\/nadiareflexology.com\/?page_id=71"},"modified":"2024-07-19T17:17:13","modified_gmt":"2024-07-19T15:17:13","slug":"prise-de-rendez-vous","status":"publish","type":"page","link":"https:\/\/nadiareflexology.com\/index.php\/prise-de-rendez-vous\/","title":{"rendered":"Prise de rendez-vous"},"content":{"rendered":"\n<p>Pour une meilleure prise en charge, vous pouvez me pr\u00e9ciser le motif de votre venue par mail sur contact@nadiareflexology.com<\/p>\n\n\n\n<p><strong>Contres indications strictes<\/strong> en cas de : phl\u00e9bite, op\u00e9ration cardiaque r\u00e9cente et porteur de pacemaker, grossesse au cours des 3 premiers et 3 derniers mois, mycose et verrue, entorse ou blessure douloureuse sur pied main, greffe d&rsquo;organe et h\u00e9mophilie.<\/p>\n\n\n\t\t<form id=\"bookacti-form-1-724777037\" class=\"bookacti-booking-form bookacti-booking-form-1 \" autocomplete=\"off\" >\n\t\t\t\t<input type='hidden' name='form_id' value='1'\/>\n\t\t\t<input type='hidden' name='action' value='bookactiSubmitBookingForm'\/>\n\t\t\t<div class='bookacti-form-field-container bookacti-form-field-name-calendar bookacti-form-field-type-calendar bookacti-form-field-id-1' id='bookacti-form-field-calendar-1-form-1-724777037' data-field-name=\"calendar\" data-field-type=\"calendar\" data-field-id=\"1\">\n\t\t\t<div class='bookacti-form-field-content' >\n\t\t\r\n\t<div class='bookacti-booking-system-container' id='bookacti-booking-system-form-1-724777037-container' >\r\n\t\t<script>\r\n\t\t\t\/\/ Compatibility with Optimization plugins\r\n\t\t\tif( typeof bookacti === 'undefined' ) { var bookacti = { booking_system:[] }; }\r\n\t\t\tbookacti.booking_system[ 'bookacti-booking-system-form-1-724777037' ] = {\"events\":[],\"events_data\":[],\"events_interval\":{\"start\":\"2026-04-26 01:58:06\",\"end\":\"2026-04-26 01:58:06\"},\"events_min_interval\":[],\"bookings\":[],\"groups_bookings\":[],\"booking_lists\":[],\"activities_data\":[],\"groups_events\":[],\"groups_data\":[],\"group_categories_data\":[],\"no_events\":0,\"id\":\"bookacti-booking-system-form-1-724777037\",\"class\":\"\",\"hide_availability\":100,\"calendars\":[1],\"activities\":[1],\"group_categories\":[\"none\"],\"groups_only\":0,\"groups_single_events\":0,\"groups_first_event_only\":0,\"multiple_bookings\":0,\"bookings_only\":0,\"tooltip_booking_list\":0,\"tooltip_booking_list_columns\":[],\"status\":[],\"user_id\":[],\"method\":\"calendar\",\"auto_load\":0,\"start\":\"2026-04-26 07:58:06\",\"end\":\"\",\"trim\":1,\"past_events\":0,\"past_events_bookable\":0,\"days_off\":[],\"check_roles\":1,\"picked_events\":[],\"form_id\":1,\"form_action\":\"default\",\"when_perform_form_action\":\"on_submit\",\"redirect_url_by_activity\":[],\"redirect_url_by_group_category\":[],\"display_data\":{\"slotMinTime\":\"09:00\",\"slotMaxTime\":\"21:00\"}};\r\n\t\t<\/script>\r\n\t\t\t\t\r\n\t\t<div class='bookacti-booking-system-inputs'>\r\n\t\t\t\t\t<\/div>\r\n\t\t\r\n\t\t\t\t\r\n\t\t<div id='bookacti-booking-system-form-1-724777037' class='bookacti-booking-system ' >\r\n\t\t\t\t\t<div class='bookacti-calendar-title bookacti-booking-system-title'>\r\n\t\t\tChoisissez un \u00e9v\u00e8nement sur le calendrier\u00a0:\t\t<\/div>\r\n\t\t<div class='bookacti-calendar'><\/div>\r\n\t\t\t<\/div>\r\n\t\t\r\n\t\t\t\t\r\n\t\t<div class='bookacti-picked-events' style='display:none;' >\r\n\t\t\t<div class='bookacti-picked-events-list-title' ><\/div>\r\n\t\t\t<ul class='bookacti-picked-events-list bookacti-custom-scrollbar' >\r\n\t\t\t\t\t\t\t<\/ul>\r\n\t\t<\/div>\r\n\t\t\r\n\t\t<div class='bookacti-notices' style='display:none;' >\r\n\t\t\t\t\t<\/div>\r\n\t\t\r\n\t\t<div class='bookacti-tooltips-container'>\r\n\t\t\t\t\t<\/div>\r\n\t\t\r\n\t\t\t<\/div>\r\n\t<div id='bookacti-booking-system-form-1-724777037-dialogs' class='bookacti-booking-system-dialogs' >\r\n\t\t\t<!-- Choose a group of events -->\r\n\t<div id='bookacti-booking-system-form-1-724777037-choose-group-of-events-dialog' \r\n\t\t data-booking-system-id='bookacti-booking-system-form-1-724777037' \r\n\t\t class='bookacti-backend-dialog bookacti-choose-group-of-events-dialog bookacti-booking-system-dialog' \r\n\t\t title='Cet \u00e9v\u00e8nement est disponible dans plusieurs groupes' \r\n\t\t style='display:none;' >\r\n\t\tQuel groupe d&#039;\u00e9v\u00e8nements voulez-vous s\u00e9lectionner&nbsp;?\t\t<div id='bookacti-booking-system-form-1-724777037-groups-of-events-list' class='bookacti-groups-of-events-list' ><\/div>\r\n\t<\/div>\r\n\r\n\t\t<\/div>\r\n\t\t\t<\/div>\n\t<\/div>\n\t<div class='bookacti-form-field-container bookacti-form-field-name-login bookacti-form-field-type-login bookacti-form-field-id-2 bookacti-has-login-button bookacti-user-is-not-logged-in' id='bookacti-form-field-login-2-form-1-724777037' data-field-name=\"login\" data-field-type=\"login\" data-field-id=\"2\">\n\t\t\t\t<div class='bookacti-form-field-login-field-container bookacti-login-field-login-type bookacti-custom-radio-button-container ' data-field-name='login_type'>\n\t\t\t\t\t\t<div class='bookacti-login-type-container bookacti-custom-radio-button bookacti-login-type-my_account' data-separator='ou'>\n\t\t\t\t\t<input type='radio' name='login_type' value='my_account' id='bookacti-form-1-724777037-login-type-my_account' required  checked='checked'\/>\n\t\t\t\t\t<label for='bookacti-form-1-724777037-login-type-my_account' \n\t\t\t\t\t\t   \n\t\t\t\t\t>\n\t\t\t\t\tSe connecter\t\t\t\t\t<\/label>\n\t\t\t\t<\/div>\n\t\t\t\t\t\t\t\t<div class='bookacti-login-type-container bookacti-custom-radio-button bookacti-login-type-new_account' data-separator='ou'>\n\t\t\t\t\t<input type='radio' name='login_type' value='new_account' id='bookacti-form-1-724777037-login-type-new_account' required \/>\n\t\t\t\t\t<label for='bookacti-form-1-724777037-login-type-new_account' \n\t\t\t\t\t\t   \n\t\t\t\t\t>\n\t\t\t\t\tCr\u00e9er un compte\t\t\t\t\t<\/label>\n\t\t\t\t<\/div>\n\t\t\t\t\t\t\t\t<div class='bookacti-login-type-container bookacti-custom-radio-button bookacti-login-type-no_account' data-separator='ou'>\n\t\t\t\t\t<input type='radio' name='login_type' value='no_account' id='bookacti-form-1-724777037-login-type-no_account' required \/>\n\t\t\t\t\t<label for='bookacti-form-1-724777037-login-type-no_account' \n\t\t\t\t\t\t   \n\t\t\t\t\t>\n\t\t\t\t\tR\u00e9server sans compte\t\t\t\t\t<\/label>\n\t\t\t\t<\/div>\n\t\t\t\t\t\t\t<\/div>\n\t\t\t\t<div class='bookacti-user-data-fields'>\n\t\t\t<div class='bookacti-log-in-fields'>\n\t\t\t\t\t\t\t\t<div class='bookacti-form-field-login-field-container bookacti-login-field-email' id='bookacti-form-field-login-2-form-1-724777037-email-container' data-field-name='email' data-field-type='email'>\n\t\t\t\t\t<div class='bookacti-form-field-label' >\n\t\t\t\t\t\t<label for='bookacti-form-field-login-2-form-1-724777037-email' >\n\t\t\t\t\t\tE-mail<span class=\"bookacti-required-field-indicator\" title=\"Champ obligatoire\"><\/span>\t\t\t\t\t\t<\/label>\n\t\t\t\t\t\t\t\t\t\t<\/div>\n\t\t\t\t\t<div class='bookacti-form-field-content' >\n\t\t\t\t\t\t\t<input type='email' \r\n\t\t\t\tname='email' \r\n\t\t\t\tvalue='' \r\n\t\t\t\tautocomplete='off'\r\n\t\t\t\tid='bookacti-form-field-login-2-form-1-724777037-email' \r\n\t\t\t\tclass='bookacti-input bookacti-form-field bookacti-email bookacti-required-field' \r\n\t\t\t\t\t\t\tplaceholder='' \r\n\t\t\t required\t\t\/>\r\n\t\t\t\t\t\t<\/div>\n\t\t\t\t\t\t\t\t\t<\/div>\n\t\t\t\t<div class='bookacti-form-field-login-field-container bookacti-login-field-password ' id='bookacti-form-field-login-2-form-1-724777037-password-container' data-field-name='password' data-field-type='password'>\n\t\t\t\t\t<div class='bookacti-form-field-label' >\n\t\t\t\t\t\t<label for='bookacti-form-field-login-2-form-1-724777037-password' >\n\t\t\t\t\t\tMot de passe<span class=\"bookacti-required-field-indicator\" title=\"Champ obligatoire\"><\/span>\t\t\t\t\t\t<\/label>\n\t\t\t\t\t\t\t\t\t\t<\/div>\n\t\t\t\t\t<div class='bookacti-form-field-content' >\n\t\t\t\t\t\t\t<input type='password' \r\n\t\t\t\tname='password' \r\n\t\t\t\tvalue='' \r\n\t\t\t\tautocomplete='off'\r\n\t\t\t\tid='bookacti-form-field-login-2-form-1-724777037-password' \r\n\t\t\t\tclass='bookacti-input bookacti-form-field bookacti-password bookacti-required-field' \r\n\t\t\t\t\t\t\tplaceholder='' \r\n\t\t\t required\t\t\/>\r\n\t\t\t\t\t\t\t\t<div class='bookacti-password-strength' style='display:none;'>\n\t\t\t\t\t\t\t\t<span class='bookacti-password-strength-meter'><\/span>\n\t\t\t\t\t\t\t\t<input type='hidden' name='password_strength' class='bookacti-password_strength' value='0' min='4' \/>\n\t\t\t\t\t\t\t<\/div>\n\t\t\t\t\t\t\t\t\t\t\t\t\t\t<div class='bookacti-forgotten-password' >\n\t\t\t\t\t\t\t\t<a href='#' class='bookacti-forgotten-password-link' data-field-id='bookacti-form-field-login-2-form-1-724777037' >Mot de passe oubli\u00e9\u00a0?<\/a>\n\t\t\t\t\t\t\t\t\t\t\t\t\t\t<\/div>\n\t\t\t\t\t\t\t\t\t\t\t\t\t\t<div data-field-id='bookacti-form-field-login-2-form-1-724777037' class='bookacti-backend-dialog bookacti-forgotten-password-dialog bookacti-form-dialog' title='Mot de passe oubli\u00e9' style='display:none;' >\n\t\t\t\t\t\t\t\t<div class='bookacti-forgotten-password-dialog-description' >\n\t\t\t\t\t\t\t\t\t<p>\n\t\t\t\t\t\t\t\t\tVeuillez saisir votre adresse de messagerie. Vous recevrez un lien pour cr\u00e9er un nouveau mot de passe par e-mail.\t\t\t\t\t\t\t\t\t<\/p>\n\t\t\t\t\t\t\t\t<\/div>\n\t\t\t\t\t\t\t\t<div class='bookacti-forgotten-password-dialog-fields' >\n\t\t\t\t\t\t\t\t\t\t\t<div class='bookacti-field-container ' id='bookacti-forgotten-password-email-bookacti-form-field-login-2-form-1-724777037-container'>\r\n\t\t\t\t<input type='email' \r\n\t\t\t\tname='forgotten_password_email' \r\n\t\t\t\tvalue='' \r\n\t\t\t\tautocomplete='off'\r\n\t\t\t\tid='bookacti-forgotten-password-email-bookacti-form-field-login-2-form-1-724777037' \r\n\t\t\t\tclass='bookacti-input bookacti-forgotten-password-email' \r\n\t\t\t\t\t\t\tplaceholder='Votre adresse e-mail' \r\n\t\t\t\t\t\/>\r\n\t\t\t<\/div>\r\n\t\t\t\t\t\t\t\t\t<\/div>\n\t\t\t\t\t\t\t<\/div>\n\t\t\t\t\t\t\t\t\t\t\t<\/div>\n\t\t\t\t\t\t\t\t\t<\/div>\n\t\t\t\t\t\t\t<\/div>\n\t\t\t\t\t\t\t\t<div class='bookacti-register-fields' id='bookacti-form-field-login-2-form-1-724777037-register-fields' style='display:none;' >\n\t\t\t\t\t\t\t\t\t\t\t\t\t\t<div class='bookacti-form-field-login-field-container bookacti-login-field-first_name' id='bookacti-form-field-login-2-form-1-724777037-first_name-container' data-field-name='first_name' data-field-type='text'>\n\t\t\t\t\t\t\t\t\t\t\t\t\t\t\t\t\t\t\t<div class='bookacti-form-field-label' >\n\t\t\t\t\t\t\t\t\t\t\t<label for='bookacti-form-field-login-2-form-1-724777037-first_name' >\n\t\t\t\t\t\t\t\t\t\t\tPr\u00e9nom<span class=\"bookacti-required-field-indicator\" title=\"Champ obligatoire\"><\/span>\t\t\t\t\t\t\t\t\t\t\t<\/label>\n\t\t\t\t\t\t\t\t\t\t\t\t\t\t\t\t\t\t\t\t<\/div>\n\t\t\t\t\t\t\t\t\t\t\t\t\t\t\t\t\t\t<div class='bookacti-form-field-content' >\n\t\t\t\t\t\t\t\t\t\t\t<input type='text' \r\n\t\t\t\tname='first_name' \r\n\t\t\t\tvalue='' \r\n\t\t\t\tautocomplete='off'\r\n\t\t\t\tid='bookacti-form-field-login-2-form-1-724777037-first_name' \r\n\t\t\t\tclass='bookacti-input bookacti-form-field bookacti-first_name bookacti-required-field' \r\n\t\t\t\t\t\t\tplaceholder='' \r\n\t\t\t required\t\t\/>\r\n\t\t\t\t\t\t\t\t\t\t<\/div>\n\t\t\t\t\t\t\t\t\t\t\t\t\t\t\t\t\t<\/div>\n\t\t\t\t\t\t\t\t\t\t\t\t\t\t\t<div class='bookacti-form-field-login-field-container bookacti-login-field-last_name' id='bookacti-form-field-login-2-form-1-724777037-last_name-container' data-field-name='last_name' data-field-type='text'>\n\t\t\t\t\t\t\t\t\t\t\t\t\t\t\t\t\t\t\t<div class='bookacti-form-field-label' >\n\t\t\t\t\t\t\t\t\t\t\t<label for='bookacti-form-field-login-2-form-1-724777037-last_name' >\n\t\t\t\t\t\t\t\t\t\t\tNom<span class=\"bookacti-required-field-indicator\" title=\"Champ obligatoire\"><\/span>\t\t\t\t\t\t\t\t\t\t\t<\/label>\n\t\t\t\t\t\t\t\t\t\t\t\t\t\t\t\t\t\t\t\t<\/div>\n\t\t\t\t\t\t\t\t\t\t\t\t\t\t\t\t\t\t<div class='bookacti-form-field-content' >\n\t\t\t\t\t\t\t\t\t\t\t<input type='text' \r\n\t\t\t\tname='last_name' \r\n\t\t\t\tvalue='' \r\n\t\t\t\tautocomplete='off'\r\n\t\t\t\tid='bookacti-form-field-login-2-form-1-724777037-last_name' \r\n\t\t\t\tclass='bookacti-input bookacti-form-field bookacti-last_name bookacti-required-field' \r\n\t\t\t\t\t\t\tplaceholder='' \r\n\t\t\t required\t\t\/>\r\n\t\t\t\t\t\t\t\t\t\t<\/div>\n\t\t\t\t\t\t\t\t\t\t\t\t\t\t\t\t\t<\/div>\n\t\t\t\t\t\t\t\t\t\t\t\t\t\t\t<div class='bookacti-form-field-login-field-container bookacti-login-field-phone' id='bookacti-form-field-login-2-form-1-724777037-phone-container' data-field-name='phone' data-field-type='tel'>\n\t\t\t\t\t\t\t\t\t\t\t\t\t\t\t\t\t\t\t<div class='bookacti-form-field-label' >\n\t\t\t\t\t\t\t\t\t\t\t<label for='bookacti-form-field-login-2-form-1-724777037-phone' >\n\t\t\t\t\t\t\t\t\t\t\tNum\u00e9ro de t\u00e9l\u00e9phone<span class=\"bookacti-required-field-indicator\" title=\"Champ obligatoire\"><\/span>\t\t\t\t\t\t\t\t\t\t\t<\/label>\n\t\t\t\t\t\t\t\t\t\t\t\t\t\t\t\t\t\t\t\t<\/div>\n\t\t\t\t\t\t\t\t\t\t\t\t\t\t\t\t\t\t<div class='bookacti-form-field-content' >\n\t\t\t\t\t\t\t\t\t\t\t<input type='tel' \r\n\t\t\t\tname='phone' \r\n\t\t\t\tvalue='' \r\n\t\t\t\tautocomplete='off'\r\n\t\t\t\tid='bookacti-form-field-login-2-form-1-724777037-phone' \r\n\t\t\t\tclass='bookacti-input bookacti-form-field bookacti-phone bookacti-required-field' \r\n\t\t\t\t\t\t\tplaceholder='' \r\n\t\t\t required\t\t\/>\r\n\t\t\t\t\t\t\t\t\t\t<\/div>\n\t\t\t\t\t\t\t\t\t\t\t\t\t\t\t\t\t<\/div>\n\t\t\t\t\t\t\t\t\t\t\t\t<\/div>\n\t\t\t\t\t\t\t<div class='bookacti-form-field-login-field-container bookacti-login-field-submit-button' id='bookacti-form-field-login-2-form-1-724777037-submit-button' style='display:none;'>\n\t\t\t\t<input type='button' value='Se connecter' class='bookacti-login-button button' data-login-label='Se connecter' data-register-label='Inscription'\/>\n\t\t\t<\/div>\n\t\t\t\t\t<\/div>\n\t<\/div>\n\t\t<div class='bookacti-form-field-container bookacti-form-field-name-submit bookacti-form-field-type-submit bookacti-form-field-id-4' id='bookacti-form-field-submit-4-form-1-724777037' data-field-name=\"submit\" data-field-type=\"submit\" data-field-id=\"4\">\n\t\t<input type='submit' class='bookacti-submit-form button' value='R\u00e9server'\/>\n\t\t<input type='button' class='bookacti-new-booking-button button' value='Faire une nouvelle r\u00e9servation' style='display:none;'\/>\n\t<\/div>\n\t\t<div class='bookacti-form-field-container bookacti-form-field-name-quantity bookacti-form-field-type-quantity  bookacti-hidden-field' id='bookacti-compulsory-quantity-field' data-field-name=\"quantity\" data-field-type=\"quantity\">\n\t\t\t<div class='bookacti-form-field-label' >\n\t\t\t<label>\n\t\t\tQuantit\u00e9<span class=\"bookacti-required-field-indicator\" title=\"Champ obligatoire\"><\/span>\t\t\t<\/label>\n\t\t\t\t<\/div>\n\t\t\t<div class='bookacti-form-field-content' >\n\t\t\t\t<input type='number' \r\n\t\t\t\tname='quantity' \r\n\t\t\t\tvalue='1' \r\n\t\t\t\tautocomplete='off'\r\n\t\t\t\tid='fe310ab02374934cade55407eee6557f' \r\n\t\t\t\tclass='bookacti-input bookacti-form-field bookacti-quantity' \r\n\t\t\t\t\t\t\tplaceholder='' \r\n\t\t\t\t\t\t\tmin='1' \r\n\t\t\t\tmax=''\r\n\t\t\t\tstep=''\r\n\t\t\t\t\t\/>\r\n\t\t\t<\/div>\n\t<\/div>\n\t\t\t<div class='bookacti-notices' style='display:none;'><\/div>\n\t\t\t<\/form>\n\t\n","protected":false},"excerpt":{"rendered":"<p>Pour une meilleure prise en charge, vous pouvez me pr\u00e9ciser le motif de votre venue par mail sur contact@nadiareflexology.com Contres indications strictes en cas de : phl\u00e9bite, op\u00e9ration cardiaque r\u00e9cente et porteur de pacemaker, grossesse au cours des 3 premiers et 3 derniers mois, mycose et verrue, entorse ou blessure douloureuse sur pied main, greffe <a class=\"read-more\" href=\"https:\/\/nadiareflexology.com\/index.php\/prise-de-rendez-vous\/\">READ MORE<\/a><\/p>\n","protected":false},"author":1,"featured_media":0,"parent":0,"menu_order":0,"comment_status":"closed","ping_status":"closed","template":"","meta":{"footnotes":""},"class_list":["post-71","page","type-page","status-publish","hentry"],"yoast_head":"<!-- This site is optimized with the Yoast SEO plugin v24.5 - https:\/\/yoast.com\/wordpress\/plugins\/seo\/ -->\n<title>Prise de rendez-vous - Nadia Reflexologie \u00e0 Cluny 71250<\/title>\n<meta name=\"description\" content=\"Planifiez votre rendez vous en ligne. Pour une meilleure prise en charge, vous pouvez me pr\u00e9ciser le motif de votre venue par mail\" \/>\n<meta name=\"robots\" content=\"index, follow, max-snippet:-1, max-image-preview:large, max-video-preview:-1\" \/>\n<link rel=\"canonical\" href=\"https:\/\/nadiareflexology.com\/index.php\/prise-de-rendez-vous\/\" \/>\n<meta property=\"og:locale\" content=\"fr_FR\" \/>\n<meta property=\"og:type\" content=\"article\" \/>\n<meta property=\"og:title\" content=\"Prise de rendez-vous - Nadia Reflexologie \u00e0 Cluny 71250\" \/>\n<meta property=\"og:description\" content=\"Planifiez votre rendez vous en ligne. Pour une meilleure prise en charge, vous pouvez me pr\u00e9ciser le motif de votre venue par mail\" \/>\n<meta property=\"og:url\" content=\"https:\/\/nadiareflexology.com\/index.php\/prise-de-rendez-vous\/\" \/>\n<meta property=\"og:site_name\" content=\"Nadia Reflexology\" \/>\n<meta property=\"article:modified_time\" content=\"2024-07-19T15:17:13+00:00\" \/>\n<meta property=\"og:image\" content=\"https:\/\/nadiareflexology.com\/wp-content\/uploads\/2024\/06\/logo.png\" \/>\n\t<meta property=\"og:image:width\" content=\"160\" \/>\n\t<meta property=\"og:image:height\" content=\"145\" \/>\n\t<meta property=\"og:image:type\" content=\"image\/png\" \/>\n<meta name=\"twitter:card\" content=\"summary_large_image\" \/>\n<meta name=\"twitter:label1\" content=\"Dur\u00e9e de lecture estim\u00e9e\" \/>\n\t<meta name=\"twitter:data1\" content=\"1 minute\" \/>\n<script type=\"application\/ld+json\" class=\"yoast-schema-graph\">{\"@context\":\"https:\/\/schema.org\",\"@graph\":[{\"@type\":\"WebPage\",\"@id\":\"https:\/\/nadiareflexology.com\/index.php\/prise-de-rendez-vous\/\",\"url\":\"https:\/\/nadiareflexology.com\/index.php\/prise-de-rendez-vous\/\",\"name\":\"Prise de rendez-vous - Nadia Reflexologie \u00e0 Cluny 71250\",\"isPartOf\":{\"@id\":\"https:\/\/nadiareflexology.com\/#website\"},\"datePublished\":\"2024-06-21T17:57:44+00:00\",\"dateModified\":\"2024-07-19T15:17:13+00:00\",\"description\":\"Planifiez votre rendez vous en ligne. Pour une meilleure prise en charge, vous pouvez me pr\u00e9ciser le motif de votre venue par mail\",\"breadcrumb\":{\"@id\":\"https:\/\/nadiareflexology.com\/index.php\/prise-de-rendez-vous\/#breadcrumb\"},\"inLanguage\":\"fr-FR\",\"potentialAction\":[{\"@type\":\"ReadAction\",\"target\":[\"https:\/\/nadiareflexology.com\/index.php\/prise-de-rendez-vous\/\"]}]},{\"@type\":\"BreadcrumbList\",\"@id\":\"https:\/\/nadiareflexology.com\/index.php\/prise-de-rendez-vous\/#breadcrumb\",\"itemListElement\":[{\"@type\":\"ListItem\",\"position\":1,\"name\":\"Accueil\",\"item\":\"https:\/\/nadiareflexology.com\/\"},{\"@type\":\"ListItem\",\"position\":2,\"name\":\"Prise de rendez-vous\"}]},{\"@type\":\"WebSite\",\"@id\":\"https:\/\/nadiareflexology.com\/#website\",\"url\":\"https:\/\/nadiareflexology.com\/\",\"name\":\"Nadia Reflexology\",\"description\":\"Le chemin vers votre \u00e9quilibre\",\"publisher\":{\"@id\":\"https:\/\/nadiareflexology.com\/#organization\"},\"alternateName\":\"Nadia Reflexology Cluny\",\"potentialAction\":[{\"@type\":\"SearchAction\",\"target\":{\"@type\":\"EntryPoint\",\"urlTemplate\":\"https:\/\/nadiareflexology.com\/?s={search_term_string}\"},\"query-input\":{\"@type\":\"PropertyValueSpecification\",\"valueRequired\":true,\"valueName\":\"search_term_string\"}}],\"inLanguage\":\"fr-FR\"},{\"@type\":\"Organization\",\"@id\":\"https:\/\/nadiareflexology.com\/#organization\",\"name\":\"Nadia Reflexology\",\"url\":\"https:\/\/nadiareflexology.com\/\",\"logo\":{\"@type\":\"ImageObject\",\"inLanguage\":\"fr-FR\",\"@id\":\"https:\/\/nadiareflexology.com\/#\/schema\/logo\/image\/\",\"url\":\"https:\/\/nadiareflexology.com\/wp-content\/uploads\/2024\/06\/logo.png\",\"contentUrl\":\"https:\/\/nadiareflexology.com\/wp-content\/uploads\/2024\/06\/logo.png\",\"width\":160,\"height\":145,\"caption\":\"Nadia Reflexology\"},\"image\":{\"@id\":\"https:\/\/nadiareflexology.com\/#\/schema\/logo\/image\/\"}}]}<\/script>\n<!-- \/ Yoast SEO plugin. -->","yoast_head_json":{"title":"Prise de rendez-vous - Nadia Reflexologie \u00e0 Cluny 71250","description":"Planifiez votre rendez vous en ligne. Pour une meilleure prise en charge, vous pouvez me pr\u00e9ciser le motif de votre venue par mail","robots":{"index":"index","follow":"follow","max-snippet":"max-snippet:-1","max-image-preview":"max-image-preview:large","max-video-preview":"max-video-preview:-1"},"canonical":"https:\/\/nadiareflexology.com\/index.php\/prise-de-rendez-vous\/","og_locale":"fr_FR","og_type":"article","og_title":"Prise de rendez-vous - Nadia Reflexologie \u00e0 Cluny 71250","og_description":"Planifiez votre rendez vous en ligne. Pour une meilleure prise en charge, vous pouvez me pr\u00e9ciser le motif de votre venue par mail","og_url":"https:\/\/nadiareflexology.com\/index.php\/prise-de-rendez-vous\/","og_site_name":"Nadia Reflexology","article_modified_time":"2024-07-19T15:17:13+00:00","og_image":[{"width":160,"height":145,"url":"https:\/\/nadiareflexology.com\/wp-content\/uploads\/2024\/06\/logo.png","type":"image\/png"}],"twitter_card":"summary_large_image","twitter_misc":{"Dur\u00e9e de lecture estim\u00e9e":"1 minute"},"schema":{"@context":"https:\/\/schema.org","@graph":[{"@type":"WebPage","@id":"https:\/\/nadiareflexology.com\/index.php\/prise-de-rendez-vous\/","url":"https:\/\/nadiareflexology.com\/index.php\/prise-de-rendez-vous\/","name":"Prise de rendez-vous - Nadia Reflexologie \u00e0 Cluny 71250","isPartOf":{"@id":"https:\/\/nadiareflexology.com\/#website"},"datePublished":"2024-06-21T17:57:44+00:00","dateModified":"2024-07-19T15:17:13+00:00","description":"Planifiez votre rendez vous en ligne. Pour une meilleure prise en charge, vous pouvez me pr\u00e9ciser le motif de votre venue par mail","breadcrumb":{"@id":"https:\/\/nadiareflexology.com\/index.php\/prise-de-rendez-vous\/#breadcrumb"},"inLanguage":"fr-FR","potentialAction":[{"@type":"ReadAction","target":["https:\/\/nadiareflexology.com\/index.php\/prise-de-rendez-vous\/"]}]},{"@type":"BreadcrumbList","@id":"https:\/\/nadiareflexology.com\/index.php\/prise-de-rendez-vous\/#breadcrumb","itemListElement":[{"@type":"ListItem","position":1,"name":"Accueil","item":"https:\/\/nadiareflexology.com\/"},{"@type":"ListItem","position":2,"name":"Prise de rendez-vous"}]},{"@type":"WebSite","@id":"https:\/\/nadiareflexology.com\/#website","url":"https:\/\/nadiareflexology.com\/","name":"Nadia Reflexology","description":"Le chemin vers votre \u00e9quilibre","publisher":{"@id":"https:\/\/nadiareflexology.com\/#organization"},"alternateName":"Nadia Reflexology Cluny","potentialAction":[{"@type":"SearchAction","target":{"@type":"EntryPoint","urlTemplate":"https:\/\/nadiareflexology.com\/?s={search_term_string}"},"query-input":{"@type":"PropertyValueSpecification","valueRequired":true,"valueName":"search_term_string"}}],"inLanguage":"fr-FR"},{"@type":"Organization","@id":"https:\/\/nadiareflexology.com\/#organization","name":"Nadia Reflexology","url":"https:\/\/nadiareflexology.com\/","logo":{"@type":"ImageObject","inLanguage":"fr-FR","@id":"https:\/\/nadiareflexology.com\/#\/schema\/logo\/image\/","url":"https:\/\/nadiareflexology.com\/wp-content\/uploads\/2024\/06\/logo.png","contentUrl":"https:\/\/nadiareflexology.com\/wp-content\/uploads\/2024\/06\/logo.png","width":160,"height":145,"caption":"Nadia Reflexology"},"image":{"@id":"https:\/\/nadiareflexology.com\/#\/schema\/logo\/image\/"}}]}},"_links":{"self":[{"href":"https:\/\/nadiareflexology.com\/index.php\/wp-json\/wp\/v2\/pages\/71","targetHints":{"allow":["GET"]}}],"collection":[{"href":"https:\/\/nadiareflexology.com\/index.php\/wp-json\/wp\/v2\/pages"}],"about":[{"href":"https:\/\/nadiareflexology.com\/index.php\/wp-json\/wp\/v2\/types\/page"}],"author":[{"embeddable":true,"href":"https:\/\/nadiareflexology.com\/index.php\/wp-json\/wp\/v2\/users\/1"}],"replies":[{"embeddable":true,"href":"https:\/\/nadiareflexology.com\/index.php\/wp-json\/wp\/v2\/comments?post=71"}],"version-history":[{"count":4,"href":"https:\/\/nadiareflexology.com\/index.php\/wp-json\/wp\/v2\/pages\/71\/revisions"}],"predecessor-version":[{"id":107,"href":"https:\/\/nadiareflexology.com\/index.php\/wp-json\/wp\/v2\/pages\/71\/revisions\/107"}],"wp:attachment":[{"href":"https:\/\/nadiareflexology.com\/index.php\/wp-json\/wp\/v2\/media?parent=71"}],"curies":[{"name":"wp","href":"https:\/\/api.w.org\/{rel}","templated":true}]}}